a prime number?
False
Is 7119706481 composite?
True
Is 1099303937 a composite number?
False
Is 11445213581 a composite number?
False
Is 839288909 prime?
True
Is 89814157 composite?
False
Is 31956218651 a composite number?
True
Is 264624263 a prime number?
False
Is 26416265338 composite?
True
Is 2347432013 a composite number?
False
Is 432997267 prime?
False
Is 5554353269 a composite number?
True
Is 9239840897 composite?
True
Is 3029862707 a prime number?
True
Is 15891404371 a prime number?
False
Is 3516023369 prime?
True
Is 132010313 prime?
True
Is 1081803287 a composite number?
False
Is 105661524071 composite?
False
Is 648131191 prime?
False
Is 20884998473 prime?
True
Is 9002364269 a prime number?
True
Is 391681027213 prime?
False
Is 392675581 a composite number?
False
Is 1091559709 a composite number?
True
Is 21983605801 composite?
True
Is 3868990249 composite?
True
Is 1743521321 prime?
False
Is 1652454659 prime?
False
Is 2932692397 a prime number?
False
Is 17615503 prime?
False
Is 396786061 composite?
True
Is 11123264299 a composite number?
True
Is 6276229901 prime?
False
Is 11675865007 a composite number?
True
Is 20341753187 a prime number?
False
Is 60066183773 prime?
True
Is 4374044897 composite?
True
Is 890187163 composite?
True
Is 4505259523 composite?
False
Is 532875817 a prime number?
True
Is 1429691291 a composite number?
True
Is 592115401 composite?
True
Is 6576102059 composite?
True
Is 5815429321 composite?
True
Is 3405194713 prime?
False
Is 630055991 composite?
True
Is 308307353 a prime number?
True
Is 1492626403 prime?
True
Is 643359853 composite?
False
Is 202957524977 a composite number?
True
Is 7365864511 prime?
False
Is 21099658037 a composite number?
False
Is 16115382013 prime?
False
Is 53440451083 a prime number?
True
Is 180814968743 composite?
True
Is 17791519589 composite?
False
Is 3358614083 a prime number?
False
Is 14927600279 a prime number?
True
Is 144124909 a prime number?
False
Is 5951307347 composite?
False
Is 2342407939 a composite number?
True
Is 50286566009 a prime number?
False
Is 11112565073 composite?
False
Is 571530449 a prime number?
False
Is 7596218117 a prime number?
False
Is 3560655963 a prime number?
False
Is 1936421387 a composite number?
False
Is 313780451 prime?
True
Is 100706020643 composite?
False
Is 20868427039 a prime number?
True
Is 2742750551 a prime number?
False
Is 1064107433 a prime number?
False
Is 2210194091 a prime number?
False
Is 17749867277 a prime number?
True
Is 2268361309 a prime number?
False
Is 635143897 composite?
False
Is 2231416433 a composite number?
False
Is 167365489 prime?
False
Is 924714202 prime?
False
Is 2931831313 a prime number?
True
Is 5270075423 prime?
False
Is 10832332367 a prime number?
True
Is 853592123 composite?
True
Is 8305620857 a composite number?
False
Is 18135409553 composite?
False
Is 246854906647 composite?
False
Is 735745877 a composite number?
True
Is 51591764845 a composite number?
True
Is 1269189463 a composite number?
True
Is 227644522037 composite?
True
Is 1201100767 a composite number?
True
Is 16016116097 a composite number?
True
Is 2141205733 prime?
True
Is 15004718719 prime?
False
Is 240115661 a prime number?
True
Is 5599250353 a prime number?
False
Is 29899302031 a prime number?
True
Is 27230136211 a composite number?
False
Is 1194697419 a prime number?
False
Is 10946302217 a prime number?
False
Is 31838906839 prime?
False
Is 3493517429 a prime number?
True
Is 39753453583 a composite number?
True
Is 9094640993 a prime number?
False
Is 105124923523 a composite number?
False
Is 41126714179 prime?
True
Is 716080609 composite?
True
Is 61144224439 a composite number?
False
Is 720985289 composite?
False
Is 2394891797 prime?
False
Is 9731807161 a prime number?
True
Is 1969337857 a prime number?
True
Is 227633933 composite?
False
Is 7631695217 composite?
False
Is 8931222499 a prime number?
True
Is 41322030143 prime?
False
Is 351474391 a composite number?
False
Is 1619839483 a prime number?
True
Is 426240587 composite?
False
Is 9344910889 a prime number?
True
Is 1506338654 a prime number?
False
Is 1899153791 composite?
True
Is 31338361381 a prime number?
True
Is 369449027 prime?
False
Is 108474980683 composite?
False
Is 1608250853 a composite number?
True
Is 22045607 composite?
False
Is 1012434853 prime?
False
Is 829526081 composite?
False
Is 697126373 a composite number?
False
Is 2784128317 a prime number?
True
Is 222699991 composite?
False
Is 2159303539 composite?
True
Is 3997165439 prime?
False
Is 13160921981 a prime number?
True
Is 3430780289 prime?
False
Is 439963079537 a prime number?
True
Is 1263623915 composite?
True
Is 2302682159 a composite number?
True
Is 38690173 a prime number?
False
Is 10220667889 prime?
True
Is 809774239 a prime number?
True
Is 2508774259 a composite number?
True
Is 8390686469 prime?
False
Is 1758657343 prime?
False
Is 56477826607 prime?
True
Is 34276229 composite?
True
Is 886886849 prime?
True
Is 1915317851 a composite number?
False
Is 694622503 a composite number?
False
Is 153321515 prime?
False
Is 1246849181 prime?
True
Is 2723524541 a composite number?
False
Is 24815796133 a prime number?
True
Is 2807914957 a composite number?
True
Is 1950532091 a composite number?
False
Is 6771139985 prime?
False
Is 4250852693 composite?
False
Is 20891907797 composite?
True
Is 745533739 a prime number?
True
Is 6336117023 a prime number?
True
Is 159192325883 a prime number?
False
Is 29233751333 a prime number?
True
Is 11647026637 a prime number?
False
Is 2113831771 a prime number?
True
Is 2686184663 prime?
False
Is 56928954451 prime?
True
Is 107927959 prime?
True
Is 120114177 a composite number?
True
Is 17414027699 a composite number?
True
Is 325676179 prime?
False
Is 286729273 a prime number?
False
Is 1531404593 a composite number?
False
Is 217599181 composite?
True
Is 635734031 a composite number?
True
Is 6978285583 prime?
False
Is 55432132439 prime?
True
Is 203373697 a prime number?
False
Is 23973218393 composite?
True
Is 10794818131 a composite number?
True
Is 23186840737 prime?
True
Is 403314599 composite?
False
Is 3873134437 prime?
False
Is 2731209101 prime?
True
Is 3891020927 a composite number?
False
Is 44146925873 prime?
False
Is 26790553591 a composite number?
False
Is 11256578401 a prime number?
False
Is 53435623 a composite number?
False
Is 8357708399 a composite number?
True
Is 2591525947 composite?
False
Is 28383508729 a composite number?
False
Is 35279473871 prime?
False
Is 456884819 a prime number?
False
Is 263633801 composite?
False
Is 1747196149 prime?
True
Is 1404746807 a prime number?
True
Is 6276356623 a prime number?
True
Is 475024087 composite?
False
Is 453531601 a prime number?
False
Is 108612259229 composite?
False
Is 194048941 a composite number?
True
Is 8283167 a composite number?
True
Is 10117308671 prime?
True
Is 16719060154 prime?
False
Is 3271272113 composite?
True
Is 10761179362 a prime number?
False
Is 480449267 composite?
True
Is 2400910885 composite?
True
Is 1166461031 prime?
False
Is 68228574967 a composite number?
True
Is 14158560727 a prime number?
False
Is 2507908877 a prime number?
False
Is 7880594651 a composite number?
False
Is 72775673459 prime?
True
Is 4571440899 composite?
True
Is 25240816873 a prime number?
False
Is 5350174045 a composite number?
True
Is 2393600243 a composite number?
False
Is 991547909 a prime number?
False
Is 120929937983 a prime number?
False
Is 71244434903 a prime number?
False
Is 283166447 a composite number?
False
Is 1070668433 composite?
True
Is 500247521 prime?
True
Is 125247726433 a prime number?
True
Is 1900173779 a composite number?
True
Is 77575889 prime?
True
Is 3309790723 composite?
True
Is 14112063223 prime?
True
Is 25551326687 composite?
False
Is 493976443 composite?
True
Is 718212503 composite?
True
Is 1930739903 a composite number?
False
Is 9175201573 a composite number?
True
Is 485751443 prime?
True
Is 1659347737 prime?
False
Is 360503524663 a composite number?
False
Is 482859271 prime?
False
Is 3864567838 a prime number?
False
Is 4957910921 a prime number?
True
Is 582080567 composite?
True
Is 4164778087 a composite number?
False
Is 7476735557 composite?
True
Is 5106375389 composite?
False
Is 6929363003 a composite number?
True
Is 25727570641 prime?
Tr